{"id":24,"date":"2017-08-28T08:30:29","date_gmt":"2017-08-28T11:30:29","guid":{"rendered":"http:\/\/sinmedrj.org.br\/sindicalizacao\/"},"modified":"2026-01-30T15:44:18","modified_gmt":"2026-01-30T18:44:18","slug":"sindicalizacao","status":"publish","type":"page","link":"https:\/\/sinmedrj.org.br\/?page_id=24","title":{"rendered":"Sindicaliza\u00e7\u00e3o"},"content":{"rendered":"<div>Sindicalize-se. Participe do fortalecimento de sua entidade representativa. Quando voc\u00ea se filia ao SinMed\/RJ contribui para a luta por seus direitos trabalhistas.<\/div>\n<div>Sua participa\u00e7\u00e3o \u00e9 volunt\u00e1ria e permite que usufrua dos benef\u00edcios oferecidos pela entidade, como a assessoria jur\u00eddica e os diferentes conv\u00eanios estabelecidos.<\/div>\n<div>Ao ser associado voc\u00ea passa tamb\u00e9m a ter direito de votar e ser votado por sua categoria profissional nas elei\u00e7\u00f5es sindicais, nos termos do Estatuto.<\/div>\n\n<div class=\"wpcf7 no-js\" id=\"wpcf7-f378-o1\" lang=\"pt-BR\" dir=\"ltr\" data-wpcf7-id=\"378\">\n<div class=\"screen-reader-response\"><p role=\"status\" aria-live=\"polite\" aria-atomic=\"true\"><\/p> <ul><\/ul><\/div>\n<form action=\"\/index.php?rest_route=%2Fwp%2Fv2%2Fpages%2F24#wpcf7-f378-o1\" method=\"post\" class=\"wpcf7-form init\" aria-label=\"Formul\u00e1rios de contato\" novalidate=\"novalidate\" data-status=\"init\">\n<fieldset class=\"hidden-fields-container\"><input type=\"hidden\" name=\"_wpcf7\" value=\"378\" \/><input type=\"hidden\" name=\"_wpcf7_version\" value=\"6.1.5\" \/><input type=\"hidden\" name=\"_wpcf7_locale\" value=\"pt_BR\" \/><input type=\"hidden\" name=\"_wpcf7_unit_tag\" value=\"wpcf7-f378-o1\" \/><input type=\"hidden\" name=\"_wpcf7_container_post\" value=\"0\" \/><input type=\"hidden\" name=\"_wpcf7_posted_data_hash\" value=\"\" \/>\n<\/fieldset>\n<p>Todos os campos s\u00e3o de preenchimento obrigat\u00f3rio.\n<\/p>\n<p><br \/>\n<label class='col-sm-12 col-xs-12'>Nome<br \/>\n<span class=\"wpcf7-form-control-wrap\" data-name=\"nome\"><input size=\"40\" maxlength=\"400\" class=\"wpcf7-form-control wpcf7-text wpcf7-validates-as-required\" aria-required=\"true\" aria-invalid=\"false\" value=\"\" type=\"text\" name=\"nome\" \/><\/span><br \/>\n<\/label><br \/>\n<label class='col-sm-6 col-xs-12'>CRM (indicar qual documento ex. CRM 52XXXX-X)<br \/>\n<span class=\"wpcf7-form-control-wrap\" data-name=\"crm\"><input size=\"40\" maxlength=\"400\" class=\"wpcf7-form-control wpcf7-text wpcf7-validates-as-required\" aria-required=\"true\" aria-invalid=\"false\" value=\"\" type=\"text\" name=\"crm\" \/><\/span><br \/>\n<\/label><br \/>\n<label class='col-sm-6 col-xs-12'>Ano de formatura (AAAA)<br \/>\n<span class=\"wpcf7-form-control-wrap\" data-name=\"formatura\"><input class=\"wpcf7-form-control wpcf7-number wpcf7-validates-as-required wpcf7-validates-as-number\" aria-required=\"true\" aria-invalid=\"false\" value=\"\" type=\"number\" name=\"formatura\" \/><\/span><br \/>\n<\/label><br \/>\n<label class='col-sm-6 col-xs-12'>Tipo de cadastro<br \/>\n<span class=\"wpcf7-form-control-wrap\" data-name=\"tipo-de-cadastro\"><select class=\"wpcf7-form-control wpcf7-select wpcf7-validates-as-required\" aria-required=\"true\" aria-invalid=\"false\" name=\"tipo-de-cadastro\"><option value=\"\">Selecione...<\/option><option value=\"Novo\">Novo<\/option><option value=\"Atualiza\u00e7\u00e3o\">Atualiza\u00e7\u00e3o<\/option><\/select><\/span><br \/>\n<\/label><br \/>\n<label class='col-sm-6 col-xs-12'>Sexo<br \/>\n<span class=\"wpcf7-form-control-wrap\" data-name=\"sexo\"><select class=\"wpcf7-form-control wpcf7-select wpcf7-validates-as-required\" aria-required=\"true\" aria-invalid=\"false\" name=\"sexo\"><option value=\"\">Selecione...<\/option><option value=\"Masculino\">Masculino<\/option><option value=\"Feminino\">Feminino<\/option><\/select><\/span><br \/>\n<\/label><br \/>\n<label class='col-sm-4 col-xs-12'>CPF<br \/>\n<span class=\"wpcf7-form-control-wrap\" data-name=\"cpf\"><input class=\"wpcf7-form-control wpcf7-number wpcf7-validates-as-required wpcf7-validates-as-number\" aria-required=\"true\" aria-invalid=\"false\" value=\"\" type=\"number\" name=\"cpf\" \/><\/span><br \/>\n<\/label><br \/>\n<label class='col-sm-4 col-xs-12'>RG<br \/>\n<span class=\"wpcf7-form-control-wrap\" data-name=\"rg\"><input class=\"wpcf7-form-control wpcf7-number wpcf7-validates-as-required wpcf7-validates-as-number\" aria-required=\"true\" aria-invalid=\"false\" value=\"\" type=\"number\" name=\"rg\" \/><\/span><br \/>\n<\/label><br \/>\n<label class='col-sm-4 col-xs-12'>Data de Nascimento<br \/>\n<span class=\"wpcf7-form-control-wrap\" data-name=\"nascimento\"><input class=\"wpcf7-form-control wpcf7-date wpcf7-validates-as-required wpcf7-validates-as-date\" aria-required=\"true\" aria-invalid=\"false\" value=\"\" type=\"date\" name=\"nascimento\" \/><\/span><br \/>\n<\/label><br \/>\n<label class='col-sm-4 col-xs-12'>Email<br \/>\n<span class=\"wpcf7-form-control-wrap\" data-name=\"email\"><input size=\"40\" maxlength=\"400\" class=\"wpcf7-form-control wpcf7-email wpcf7-validates-as-required wpcf7-text wpcf7-validates-as-email\" aria-required=\"true\" aria-invalid=\"false\" value=\"\" type=\"email\" name=\"email\" \/><\/span><br \/>\n<\/label><br \/>\n<label class='col-sm-4 col-xs-12'>Celular 1<br \/>\n<span class=\"wpcf7-form-control-wrap\" data-name=\"celular1\"><input size=\"40\" maxlength=\"400\" class=\"wpcf7-form-control wpcf7-tel wpcf7-validates-as-required wpcf7-text wpcf7-validates-as-tel\" aria-required=\"true\" aria-invalid=\"false\" value=\"\" type=\"tel\" name=\"celular1\" \/><\/span><br \/>\n<\/label><br \/>\n<label class='col-sm-12 col-xs-12'>Endere\u00e7o<br \/>\n<span class=\"wpcf7-form-control-wrap\" data-name=\"endereco\"><input size=\"40\" maxlength=\"400\" class=\"wpcf7-form-control wpcf7-text wpcf7-validates-as-required\" aria-required=\"true\" aria-invalid=\"false\" value=\"\" type=\"text\" name=\"endereco\" \/><\/span><br \/>\n<\/label><br \/>\n<label class='col-sm-4 col-xs-12'>Complemento<br \/>\n<span class=\"wpcf7-form-control-wrap\" data-name=\"complemento\"><input size=\"40\" maxlength=\"400\" class=\"wpcf7-form-control wpcf7-text wpcf7-validates-as-required\" aria-required=\"true\" aria-invalid=\"false\" value=\"\" type=\"text\" name=\"complemento\" \/><\/span><br \/>\n<\/label><br \/>\n<label class='col-sm-4 col-xs-12'>Bairro<br \/>\n<span class=\"wpcf7-form-control-wrap\" data-name=\"bairro\"><input size=\"40\" maxlength=\"400\" class=\"wpcf7-form-control wpcf7-text wpcf7-validates-as-required\" aria-required=\"true\" aria-invalid=\"false\" value=\"\" type=\"text\" name=\"bairro\" \/><\/span><br \/>\n<\/label><br \/>\n<label class='col-sm-4 col-xs-12'>Cidade<br \/>\n<span class=\"wpcf7-form-control-wrap\" data-name=\"cidade\"><input size=\"40\" maxlength=\"400\" class=\"wpcf7-form-control wpcf7-text wpcf7-validates-as-required\" aria-required=\"true\" aria-invalid=\"false\" value=\"\" type=\"text\" name=\"cidade\" \/><\/span><br \/>\n<\/label><br \/>\n<label class='col-sm-3 col-xs-12'>CEP<br \/>\n<span class=\"wpcf7-form-control-wrap\" data-name=\"CEP\"><input class=\"wpcf7-form-control wpcf7-number wpcf7-validates-as-required wpcf7-validates-as-number\" aria-required=\"true\" aria-invalid=\"false\" value=\"\" type=\"number\" name=\"CEP\" \/><\/span><br \/>\n<\/label><br \/>\n<label class='col-sm-3 col-xs-12'>Estado<br \/>\n<span class=\"wpcf7-form-control-wrap\" data-name=\"estado\"><select class=\"wpcf7-form-control wpcf7-select wpcf7-validates-as-required\" aria-required=\"true\" aria-invalid=\"false\" name=\"estado\"><option value=\"\">Selecione...<\/option><option value=\"Acre\">Acre<\/option><option value=\"Alagoas\">Alagoas<\/option><option value=\"Amap\u00e1\">Amap\u00e1<\/option><option value=\"Amazonas\">Amazonas<\/option><option value=\"Bahia\">Bahia<\/option><option value=\"Cear\u00e1\">Cear\u00e1<\/option><option value=\"Distrito Federal\">Distrito Federal<\/option><option value=\"Esp\u00edrito Santo\">Esp\u00edrito Santo<\/option><option value=\"Goi\u00e1s\">Goi\u00e1s<\/option><option value=\"Maranh\u00e3o\">Maranh\u00e3o<\/option><option value=\"Mato Grosso\">Mato Grosso<\/option><option value=\"Mato Grosso do Sul\">Mato Grosso do Sul<\/option><option value=\"Minas Gerais\">Minas Gerais<\/option><option value=\"Par\u00e1\">Par\u00e1<\/option><option value=\"Para\u00edba\">Para\u00edba<\/option><option value=\"Paran\u00e1\">Paran\u00e1<\/option><option value=\"Pernambuco\">Pernambuco<\/option><option value=\"Piau\u00ed\">Piau\u00ed<\/option><option value=\"Rio de Janeiro\">Rio de Janeiro<\/option><option value=\"Rio Grande do Norte\">Rio Grande do Norte<\/option><option value=\"Rio Grande do Sul\">Rio Grande do Sul<\/option><option value=\"Rond\u00f4nia\">Rond\u00f4nia<\/option><option value=\"Roraima\">Roraima<\/option><option value=\"Santa Catarina\">Santa Catarina<\/option><option value=\"S\u00e3o Paulo\">S\u00e3o Paulo<\/option><option value=\"Sergipe\">Sergipe<\/option><option value=\"Tocantins\">Tocantins<\/option><\/select><\/span><br \/>\n<\/label><br \/>\n<label class='col-sm-3 col-xs-12'>Telefone<br \/>\n<span class=\"wpcf7-form-control-wrap\" data-name=\"telefone\"><input size=\"40\" maxlength=\"400\" class=\"wpcf7-form-control wpcf7-tel wpcf7-validates-as-required wpcf7-text wpcf7-validates-as-tel\" aria-required=\"true\" aria-invalid=\"false\" value=\"\" type=\"tel\" name=\"telefone\" \/><\/span><br \/>\n<\/label><br \/>\n<label class='col-sm-3 col-xs-12'>Meio de Pagamento<br \/>\n<span class=\"wpcf7-form-control-wrap\" data-name=\"envio\"><select class=\"wpcf7-form-control wpcf7-select wpcf7-validates-as-required\" aria-required=\"true\" aria-invalid=\"false\" name=\"envio\"><option value=\"\">Selecione...<\/option><option value=\"Boleto\">Boleto<\/option><option value=\"Pix Recorrente Autom\u00e1tico\">Pix Recorrente Autom\u00e1tico<\/option><\/select><\/span><br \/>\n<\/label>\n<\/p>\n<div class='clearfix'>\n<\/div>\n<div class='col-sm-12'>\n\t<p><input class=\"wpcf7-form-control wpcf7-submit has-spinner\" type=\"submit\" value=\"Enviar\" \/><div class=\"h-captcha\" data-sitekey=\"c24e47c8-3d02-4b4c-82d0-25c0ff74c9e8\" data-size=\"normal\" data-theme=\"light\" data-lang=\"pt\"><\/div><span class=\"wpcf7-form-control-wrap cf7apps-hcaptcha\" data-name=\"cf7apps-hcaptcha\"><input type=\"hidden\" name=\"cf7apps-hcaptcha\" value=\"\" class=\"wpcf7-form-control\"><\/span>\n\t<\/p>\n<\/div><div class=\"wpcf7-response-output\" aria-hidden=\"true\"><\/div>\n<\/form>\n<\/div>\n\n<p><strong>A anuidade ser\u00e1 cobrada por por boleto ou por pix recorrente. Ao selecionar a op\u00e7\u00e3o o m\u00e9dico autoriza o sindicato a emitir o boleto ou realizar o pix recorrente.<\/strong><\/p>\n","protected":false},"excerpt":{"rendered":"<p>Sindicalize-se. Participe do fortalecimento de sua entidade representativa. Quando voc\u00ea se filia ao SinMed\/RJ contribui para a luta por seus direitos trabalhistas. Sua participa\u00e7\u00e3o \u00e9 volunt\u00e1ria e permite que usufrua dos benef\u00edcios oferecidos pela entidade, como a assessoria jur\u00eddica e os diferentes conv\u00eanios estabelecidos. Ao ser associado voc\u00ea passa tamb\u00e9m a ter direito de votar [&hellip;]<\/p>\n","protected":false},"author":1,"featured_media":0,"parent":0,"menu_order":4,"comment_status":"closed","ping_status":"closed","template":"","meta":{"_acf_changed":false,"footnotes":""},"class_list":["post-24","page","type-page","status-publish","hentry"],"acf":[],"_links":{"self":[{"href":"https:\/\/sinmedrj.org.br\/index.php?rest_route=\/wp\/v2\/pages\/24","targetHints":{"allow":["GET"]}}],"collection":[{"href":"https:\/\/sinmedrj.org.br\/index.php?rest_route=\/wp\/v2\/pages"}],"about":[{"href":"https:\/\/sinmedrj.org.br\/index.php?rest_route=\/wp\/v2\/types\/page"}],"author":[{"embeddable":true,"href":"https:\/\/sinmedrj.org.br\/index.php?rest_route=\/wp\/v2\/users\/1"}],"replies":[{"embeddable":true,"href":"https:\/\/sinmedrj.org.br\/index.php?rest_route=%2Fwp%2Fv2%2Fcomments&post=24"}],"version-history":[{"count":18,"href":"https:\/\/sinmedrj.org.br\/index.php?rest_route=\/wp\/v2\/pages\/24\/revisions"}],"predecessor-version":[{"id":2289,"href":"https:\/\/sinmedrj.org.br\/index.php?rest_route=\/wp\/v2\/pages\/24\/revisions\/2289"}],"wp:attachment":[{"href":"https:\/\/sinmedrj.org.br\/index.php?rest_route=%2Fwp%2Fv2%2Fmedia&parent=24"}],"curies":[{"name":"wp","href":"https:\/\/api.w.org\/{rel}","templated":true}]}}